{"id":692,"date":"2023-04-14T19:29:23","date_gmt":"2023-04-14T17:29:23","guid":{"rendered":"https:\/\/www.vfsz.hu\/?page_id=692"},"modified":"2026-03-04T22:44:43","modified_gmt":"2026-03-04T21:44:43","slug":"elerhetosegek","status":"publish","type":"page","link":"https:\/\/www.vfsz.hu\/?page_id=692","title":{"rendered":"El\u00e9rhet\u0151s\u00e9gek"},"content":{"rendered":"\n<div class=\"wp-block-cover alignfull\" style=\"min-height:137px\"><span aria-hidden=\"true\" class=\"wp-block-cover__background has-nv-dark-bg-background-color has-background-dim-100 has-background-dim\"><\/span><div class=\"wp-block-cover__inner-container\">\n<div style=\"height:26px\" aria-hidden=\"true\" class=\"wp-block-spacer\"><\/div>\n\n\n\n<h1 class=\"alignfull has-text-align-center\">El\u00e9rhet\u0151s\u00e9geink<\/h1>\n<\/div><\/div>\n\n\n\n<div style=\"height:40px\" aria-hidden=\"true\" class=\"wp-block-spacer\"><\/div>\n\n\n\n<div class=\"is-layout-flex wp-container-5 wp-block-columns\">\n<div class=\"is-layout-flow wp-block-column\">\n<h2>VFSZ kontaktlista<\/h2>\n\n\n\n<div class=\"is-layout-flex wp-container-2 wp-block-columns\">\n<div class=\"is-layout-flow wp-block-column\">\n<figure class=\"wp-block-image size-large\"><img decoding=\"async\" loading=\"lazy\" width=\"1024\" height=\"985\" src=\"https:\/\/www.vfsz.hu\/wp-content\/uploads\/2026\/03\/kontaktlista-1-1024x985.png\" alt=\"\" class=\"wp-image-1899\" srcset=\"https:\/\/www.vfsz.hu\/wp-content\/uploads\/2026\/03\/kontaktlista-1-1024x985.png 1024w, https:\/\/www.vfsz.hu\/wp-content\/uploads\/2026\/03\/kontaktlista-1-300x289.png 300w, https:\/\/www.vfsz.hu\/wp-content\/uploads\/2026\/03\/kontaktlista-1-768x739.png 768w, https:\/\/www.vfsz.hu\/wp-content\/uploads\/2026\/03\/kontaktlista-1.png 1422w\" sizes=\"(max-width: 1024px) 100vw, 1024px\" \/><\/figure>\n\n\n\n<div style=\"height:26px\" aria-hidden=\"true\" class=\"wp-block-spacer\"><\/div>\n\n\n\n<h2>K\u00f6zponti kapcsolat<\/h2>\n\n\n\n<p>BKV k\u00f6zponti sz\u00e1ma: 06 20 885 0000<\/p>\n\n\n\n<p><strong>VFSZ Iroda:<br><\/strong>253-32 mell\u00e9k<br><strong>Kukor Gyula:<br><\/strong>251-70 mell\u00e9k<\/p>\n<\/div>\n<\/div>\n<\/div>\n\n\n\n<div class=\"is-layout-flow wp-block-column\">\n<h2>\u00cdr\u00e1sos kapcsolat:<\/h2>\n\n\n\n<div class=\"everest-forms\"><div class=\"evf-container default\" id=\"evf-1176\"><form id=\"evf-form-1176\" class=\"everest-form\" data-formid=\"1176\" data-ajax_submission=\"1\" data-keyboard_friendly_form=\"0\" method=\"post\" enctype=\"multipart\/form-data\" action=\"\/index.php?rest_route=%2Fwp%2Fv2%2Fpages%2F692\"><div class=\"evf-field-container\"><input type=\"hidden\" id=\"_wpnonce1176\" name=\"_wpnonce1176\" value=\"fdf81db857\" \/><input type=\"hidden\" name=\"_wp_http_referer\" value=\"\/index.php?rest_route=%2Fwp%2Fv2%2Fpages%2F692\" \/><div class=\"evf-frontend-row\" data-row=\"row_1\" conditional_rules=\"[]\"><div class=\"evf-frontend-grid evf-grid-1\" data-grid=\"grid_1\"><div id=\"evf-1176-field_ys0GeZISRs-1-container\" class=\"evf-field evf-field-first-name form-row validate-required\" data-required-field-message=\"Ezt a mez\u0151t musz\u00e1j kit\u00f6lteni a jelentkez\u00e9shez!\" data-field-id=\"ys0GeZISRs-1\"><label class=\"evf-field-label\" for=\"evf-1176-field_ys0GeZISRs-1\"><span class=\"evf-label\">N\u00e9v<\/span> <abbr class=\"required\" title=\"Required\">*<\/abbr><\/label><input type=\"text\" id=\"evf-1176-field_ys0GeZISRs-1\" class=\"input-text\" name=\"everest_forms[form_fields][ys0GeZISRs-1]\" required><\/div><div id=\"evf-1176-field_LbH5NxasXM-2-container\" class=\"evf-field evf-field-email form-row validate-required validate-email\" data-required-field-message=\"K\u00e9rlek val\u00f3s emailc\u00edmet adj meg!\" data-field-id=\"LbH5NxasXM-2\"><label class=\"evf-field-label\" for=\"evf-1176-field_LbH5NxasXM-2\"><span class=\"evf-label\">Email c\u00edmed<\/span> <abbr class=\"required\" title=\"Required\">*<\/abbr><\/label><input type=\"email\" id=\"evf-1176-field_LbH5NxasXM-2\" class=\"input-text\" name=\"everest_forms[form_fields][LbH5NxasXM-2]\" required ><\/div><div id=\"evf-1176-field_66FR384cge-3-container\" class=\"evf-field evf-field-text form-row validate-required\" data-required-field-message=\"Ezt a mez\u0151t musz\u00e1j kit\u00f6lteni a jelentkez\u00e9shez!\" data-field-id=\"66FR384cge-3\"><label class=\"evf-field-label\" for=\"evf-1176-field_66FR384cge-3\"><span class=\"evf-label\">Felkeres\u00e9s t\u00e1rgya<\/span> <abbr class=\"required\" title=\"Required\">*<\/abbr><\/label><input type=\"text\" id=\"evf-1176-field_66FR384cge-3\" class=\"input-text\" name=\"everest_forms[form_fields][66FR384cge-3]\" required><\/div><div id=\"evf-1176-field_yhGx3FOwr2-4-container\" class=\"evf-field evf-field-textarea form-row validate-required\" data-required-field-message=\"Ezt a mez\u0151t musz\u00e1j kit\u00f6lteni a jelentkez\u00e9shez!\" data-field-id=\"yhGx3FOwr2-4\"><label class=\"evf-field-label\" for=\"evf-1176-field_yhGx3FOwr2-4\"><span class=\"evf-label\">\u00dczenet<\/span> <abbr class=\"required\" title=\"Required\">*<\/abbr><\/label><textarea id=\"evf-1176-field_yhGx3FOwr2-4\" class=\"input-text\" name=\"everest_forms[form_fields][yhGx3FOwr2-4]\" required ><\/textarea><div class=\"evf-field-description\">A bek\u00fcld\u00e9ssel elfogadod az Adatv\u00e9delmi szab\u00e1lyzatunkat!<\/div><\/div><\/div><\/div><\/div><div class=\"evf-honeypot-container evf-field-hp\"><label for=\"evf-1176-field-hp\" class=\"evf-field-label\">Email<\/label><input type=\"text\" name=\"everest_forms[hp]\" id=\"evf-1176-field-hp\" class=\"input-text\"><\/div><div class=\"evf-submit-container \" ><input type=\"hidden\" name=\"everest_forms[id]\" value=\"1176\"><input type=\"hidden\" name=\"everest_forms[author]\" value=\"1\"><button type='submit' name='everest_forms[submit]' class='everest-forms-submit-button button evf-submit ' id='evf-submit-1176' value='evf-submit' data-process-text=\"K\u00fcld\u00e9s folyamatban...\" conditional_rules='&quot;&quot;' conditional_id='evf-submit-1176'  id=\"evf-submit-1176\" aria-live=\"assertive\">K\u00fcld\u00e9s<\/button><\/div><\/form><\/div><!-- .evf-container --><\/div>\n<\/div>\n<\/div>\n","protected":false},"excerpt":{"rendered":"<p>VFSZ kontaktlista K\u00f6zponti kapcsolat BKV k\u00f6zponti sz\u00e1ma: 06 20 885 0000 VFSZ Iroda:253-32 mell\u00e9kKukor Gyula:251-70 mell\u00e9k \u00cdr\u00e1sos kapcsolat:<\/p>\n","protected":false},"author":1,"featured_media":0,"parent":0,"menu_order":0,"comment_status":"closed","ping_status":"closed","template":"","meta":{"neve_meta_sidebar":"","neve_meta_container":"","neve_meta_enable_content_width":"","neve_meta_content_width":0,"neve_meta_title_alignment":"","neve_meta_author_avatar":"","neve_post_elements_order":"","neve_meta_disable_header":"","neve_meta_disable_footer":"","neve_meta_disable_title":"","_themeisle_gutenberg_block_has_review":false},"_links":{"self":[{"href":"https:\/\/www.vfsz.hu\/index.php?rest_route=\/wp\/v2\/pages\/692"}],"collection":[{"href":"https:\/\/www.vfsz.hu\/index.php?rest_route=\/wp\/v2\/pages"}],"about":[{"href":"https:\/\/www.vfsz.hu\/index.php?rest_route=\/wp\/v2\/types\/page"}],"author":[{"embeddable":true,"href":"https:\/\/www.vfsz.hu\/index.php?rest_route=\/wp\/v2\/users\/1"}],"replies":[{"embeddable":true,"href":"https:\/\/www.vfsz.hu\/index.php?rest_route=%2Fwp%2Fv2%2Fcomments&post=692"}],"version-history":[{"count":41,"href":"https:\/\/www.vfsz.hu\/index.php?rest_route=\/wp\/v2\/pages\/692\/revisions"}],"predecessor-version":[{"id":1900,"href":"https:\/\/www.vfsz.hu\/index.php?rest_route=\/wp\/v2\/pages\/692\/revisions\/1900"}],"wp:attachment":[{"href":"https:\/\/www.vfsz.hu\/index.php?rest_route=%2Fwp%2Fv2%2Fmedia&parent=692"}],"curies":[{"name":"wp","href":"https:\/\/api.w.org\/{rel}","templated":true}]}}